{"id":38,"date":"2019-05-09T19:47:01","date_gmt":"2019-05-09T19:47:01","guid":{"rendered":"https:\/\/clubdetintos.com\/?page_id=38"},"modified":"2021-02-25T18:53:15","modified_gmt":"2021-02-25T18:53:15","slug":"mesmerize","status":"publish","type":"page","link":"https:\/\/clubdetintos.com\/","title":{"rendered":"Inicio"},"content":{"rendered":"<div data-label=\"About\" data-id=\"about--1\" data-export-id=\"about-1\" data-category=\"about\" class=\"about-1 content-section\" id=\"about-1\" style=\"background-color: rgb(255, 255, 255); background-image: none;\">\n<div class=\"gridContainer\">\n<div class=\"row text-center\">\n<div class=\"section-title-col\" data-type=\"column\">\n<h2 class=\"\">\u00a1Hola, qu\u00e9 tal!&nbsp;<\/h2>\n<p class=\"lead\">Nos alegra que est\u00e9s aqu\u00ed, no importa la hora, no importa el lugar, siempre es un buen momento para compartir un buen vino con alguien o en un espacio solo para ti. Apasionados por el vino y las largas charlas sobre la mesa.<\/p>\n<\/div>\n<\/div>\n<div class=\"row\">\n<div class=\"button-holder space-bottom space-bottom-small\" data-type=\"column\">\n<p class=\"lead\">\n<p class=\"\"><span style=\"color: #333333; font-size: 18pt;\"><strong>\u201cSiempre ser\u00e1 bienvenido todo aquel con una buena historia y una botella de vino\u201d<\/strong><\/span><\/p>\n<p class=\"lead\">\n<p class=\"\">Este Club es para<strong> disfrutar y compartir<\/strong> todo sobre vinos: <strong>Tintos, Blancos, Rosados, Generosos y de Gran reserva<\/strong>. Aqu\u00ed est\u00e1 todo lo mejor sobre los vinos y todo lo que necesitas para ser un Catador experimentado, te dejamos notas y rese\u00f1as para que d\u00eda con d\u00eda te conviertas en todo un experto.<\/p>\n<\/div>\n<div class=\"col-xs bottom-xs flexbox image-group-bottom-3-img space-bottom-xs center-xs\"> <img class=\"left-img shadow-large-black\" data-size=\"500x300\" src=\"https:\/\/clubdetintos.com\/wp-content\/uploads\/2019\/05\/cropped-cork-738603_960_720.jpg\" alt=\"\" title=\"cropped-cork-738603_960_720.jpg\"> <img class=\"center-img shadow-large-black\" data-size=\"500x300\" src=\"https:\/\/clubdetintos.com\/wp-content\/uploads\/2019\/05\/cropped-1071761388.jpg\" alt=\"\" title=\"cropped-1071761388.jpg\"> <img class=\"right-img shadow-large-black\" data-size=\"500x300\" src=\"https:\/\/clubdetintos.com\/wp-content\/uploads\/2019\/05\/cropped-vino-blanco.jpg\" alt=\"\" title=\"cropped-vino-blanco.jpg\"><\/div>\n<\/div>\n<\/div>\n<\/div>\n<div id=\"latest-news-1\" style=\"background-color: rgb(255, 255, 255); background-image: none;\" data-label=\"Latest-news\" data-id=\"blog-section\" data-export-id=\"blog-section\" data-category=\"latest_news\" class=\"blog-section blog-section-standard content-section content-section-spacing\">\n<div class=\"gridContainer\">\n<div class=\"row\">\n<div data-type=\"column\" class=\"section-title-col\">\n<h2 class=\"\">\u00daltimas Rese\u00f1as<\/h2>\n<\/div>\n<\/div>\n<div class=\"row\">\n<div data-type=\"row\" data-dynamic-columns=\"handled\" data-content-shortcode=\"mesmerize_latest_news\">[mesmerize_latest_news]<\/div>\n<\/div>\n<div class=\"row\">\n<div class=\"text-center\"> <a class=\"button color1\" data-attr-shortcode=\"href:mesmerize_blog_link\" href=\"[mesmerize_blog_link]\">VER TODAS LAS ENTRADAS<\/a><\/div>\n<\/div>\n<\/div>\n<\/div>\n<div id=\"contact-1\" data-label=\"Contact\" data-id=\"contact-1\" data-export-id=\"contact-1\" data-category=\"contact\" class=\"contact-1 content-section content-section-spacing white-text\" data-parallax-depth=\"20\" style=\"background-size: cover; background-position: center top; background-image: url(&quot;https:\/\/clubdetintos.com\/wp-content\/uploads\/2019\/05\/Life-of-Pix-free-stock-photos-wine-stopper-cork-leeroy.jpg&quot;);\">\n<div class=\"gridContainer\">\n<div class=\"row text-center\">\n<div class=\"section-title-col\" data-type=\"column\">\n<h2 class=\"\">Contact us<\/h2>\n<p class=\"lead\">With the Internet spreading linke wildfire and reaching every part of our daily life, more and more traffic is directed to websites in search for information.<\/p>\n<\/div>\n<\/div>\n<div class=\"row text-center\">\n<div class=\"col-xs-12 col-sm-8 col-sm-offset-2 contact-form-wrapper inline-info\">\n<div class=\"card large-padding\">\n<div class=\"\" data-content-shortcode=\"mesmerize_contact_form\" data-editable=\"true\">[mesmerize_contact_form]<\/div>\n<\/div>\n<\/div>\n<\/div>\n<\/div>\n<\/div>\n","protected":false},"excerpt":{"rendered":"<p>\u00a1Hola, qu\u00e9 tal!&nbsp; Nos alegra que est\u00e9s aqu\u00ed, no importa la hora, no importa el lugar, siempre es un buen momento para compartir un buen vino con alguien o en un espacio solo para ti. Apasionados por el vino y las largas charlas sobre la mesa. \u201cSiempre ser\u00e1 bienvenido todo aquel con una buena historia &hellip;<\/p>\n<p class=\"read-more\"> <a class=\"\" href=\"https:\/\/clubdetintos.com\/\"> <span class=\"screen-reader-text\">Inicio<\/span> Leer m\u00e1s &raquo;<\/a><\/p>\n","protected":false},"author":1,"featured_media":0,"parent":0,"menu_order":0,"comment_status":"closed","ping_status":"closed","template":"","meta":[],"_links":{"self":[{"href":"https:\/\/clubdetintos.com\/index.php?rest_route=\/wp\/v2\/pages\/38"}],"collection":[{"href":"https:\/\/clubdetintos.com\/index.php?rest_route=\/wp\/v2\/pages"}],"about":[{"href":"https:\/\/clubdetintos.com\/index.php?rest_route=\/wp\/v2\/types\/page"}],"author":[{"embeddable":true,"href":"https:\/\/clubdetintos.com\/index.php?rest_route=\/wp\/v2\/users\/1"}],"replies":[{"embeddable":true,"href":"https:\/\/clubdetintos.com\/index.php?rest_route=%2Fwp%2Fv2%2Fcomments&post=38"}],"version-history":[{"count":10,"href":"https:\/\/clubdetintos.com\/index.php?rest_route=\/wp\/v2\/pages\/38\/revisions"}],"predecessor-version":[{"id":107,"href":"https:\/\/clubdetintos.com\/index.php?rest_route=\/wp\/v2\/pages\/38\/revisions\/107"}],"wp:attachment":[{"href":"https:\/\/clubdetintos.com\/index.php?rest_route=%2Fwp%2Fv2%2Fmedia&parent=38"}],"curies":[{"name":"wp","href":"https:\/\/api.w.org\/{rel}","templated":true}]}}